ors of 232881464.
2, 43, 676981
What are the prime factors of 921765745?
5, 184353149
What are the prime factors of 1569123439?
13, 1373, 87911
What are the prime factors of 63040014?
2, 3, 233, 15031
What are the prime factors of 3145207403?
13, 5507, 43933
What are the prime factors of 396195016?
2, 7, 7074911
List the prime factors of 281463264.
2, 3, 19, 51437
List the prime factors of 1062119693.
17, 29, 641, 3361
What are the prime factors of 1814613575?
5, 17, 4269679
What are the prime factors of 1245251065?
5, 89, 2798317
List the prime factors of 275309966.
2, 1549, 88867
List the prime factors of 353429577.
3, 39269953
List the prime factors of 83565501.
3, 29, 960523
What are the prime factors of 374171020?
2, 5, 17, 1100503
List the prime factors of 14944452.
2, 3, 359, 3469
List the prime factors of 263799561.
3, 59, 587, 2539
What are the prime factors of 205043712?
2, 3, 23, 1451
What are the prime factors of 186917736?
2, 3, 353, 22063
What are the prime factors of 50209212?
2, 3, 31, 71, 1901
List the prime factors of 1183093887.
3, 12373, 31873
List the prime factors of 162073572.
2, 3, 19, 710849
What are the prime factors of 298850802?
2, 3, 1621, 30727
List the prime factors of 60842184.
2, 3, 13, 17, 11471
What are the prime factors of 4372649288?
2, 7, 17, 199, 23081
List the prime factors of 97043464.
2, 7, 89, 19471
List the prime factors of 247250715.
3, 5, 16483381
List the prime factors of 211579733.
3583, 59051
What are the prime factors of 1037467867?
1037467867
List the prime factors of 99938808.
2, 3, 67, 20717
List the prime factors of 814874285.
5, 162974857
What are the prime factors of 2165059076?
2, 541264769
What are the prime factors of 3706230?
2, 3, 5, 11, 1021
What are the prime factors of 716040413?
11, 337, 419, 461
What are the prime factors of 41846472?
2, 3, 581201
What are the prime factors of 28115716?
2, 71, 98999
List the prime factors of 728641532.
2, 5087, 35809
List the prime factors of 2590177633.
2590177633
List the prime factors of 240719597.
240719597
What are the prime factors of 113005559?
19, 5947661
List the prime factors of 270833738.
2, 7, 457, 42331
List the prime factors of 41796613.
41796613
List the prime factors of 3004484784.
2, 3, 7, 31, 89, 463
What are the prime factors of 1472220326?
2, 43, 53, 322997
List the prime factors of 461145506.
2, 227, 1015739
What are the prime factors of 74578993?
74578993
List the prime factors of 450061975.
5, 11, 283, 5783
What are the prime factors of 6477583568?
2, 59, 6861847
What are the prime factors of 59483111?
59483111
What are the prime factors of 1561376989?
47, 127, 261581
List the prime factors of 1995458.
2, 43, 23203
List the prime factors of 162248579.
191, 307, 2767
What are the prime factors of 137423260?
2, 5, 13, 197, 2683
What are the prime factors of 30096207?
3, 37, 90379
List the prime factors of 34290377.
11, 17, 233, 787
What are the prime factors of 317208350?
2, 5, 677, 9371
What are the prime factors of 524455666?
2, 7, 37461119
List the prime factors of 156975263.
17, 89, 359
What are the prime factors of 83116461?
3, 27705487
What are the prime factors of 7466520254?
2, 89, 151, 277793
List the prime factors of 43077576.
2, 3, 607, 2957
List the prime factors of 21984335.
5, 89, 127, 389
What are the prime factors of 12637915?
5, 43, 1367
List the prime factors of 181708803.
3, 20189867
What are the prime factors of 112080323?
5783, 19381
List the prime factors of 2309502752.
2, 73, 131, 7547
List the prime factors of 948776399.
17783, 53353
List the prime factors of 63972497.
63972497
List the prime factors of 79437765.
3, 5, 11, 19, 25339
List the prime factors of 576893993.
13, 44376461
What are the prime factors of 109673960?
2, 5, 11, 53, 4703
List the prime factors of 53151248.
2, 17, 263, 743
List the prime factors of 77609582.
2, 43, 902437
List the prime factors of 51429468.
2, 3, 47, 67, 1361
What are the prime factors of 7151218451?
13, 829, 663563
What are the prime factors of 156502439?
156502439
What are the prime factors of 11099486?
2, 103, 53881
List the prime factors of 831545860.
2, 5, 31, 1341203
What are the prime factors of 245813879?
83, 2961613
List the prime factors of 67663084.
2, 37, 457183
What are the prime factors of 1319923053?
3, 31, 227, 6947
What are the prime factors of 78711783?
3, 149, 176089
What are the prime factors of 88749215?
5, 41, 432923
What are the prime factors of 565842095?
5, 7, 13, 1243609
List the prime factors of 1937782107.
3, 67, 1531, 2099
What are the prime factors of 243250087?
31, 7846777
What are the prime factors of 106323764?
2, 419, 63439
List the prime factors of 273495860.
2, 5, 11, 37, 33599
List the prime factors of 1671435918.
2, 3, 1907, 16231
List the prime factors of 35398868.
2, 73, 121229
What are the prime factors of 671631276?
2, 3, 43, 103, 12637
What are the prime factors of 531099769?
59, 9001691
What are the prime factors of 1949476625?
5, 269, 57977
List the prime factors of 180555979.
379, 476401
What are the prime factors of 560656093?
1907, 293999
List the prime factors of 76479884.
2, 13, 839, 1753
List the prime factors of 150073552.
2, 17, 19, 71, 409
List the prime factors of 248730277.
6421, 38737
What are the prime factors of 569701302?
2, 3, 71, 1337327
What are the prime factors of 654711387?
3, 11, 83, 151, 1583
What are the prime factors of 2011974057?
3, 739, 302507
What are the prime factors of 111620205?
3, 5, 269, 9221
What are the prime factors of 225823364?
2, 13, 4342757
What are the prime factors of 159341381?
613, 259937
What are the prime factors of 249707404?
2, 61, 1023391
List the prime factors of 1730390267.
1730390267
List the prime factors of 546619447.
11, 47, 1057291
List the prime factors of 2137875112.
2, 267234389
What are the prime factors of 352307171?
2837, 124183
List the prime factors of 431166860.
2, 5, 21558343
List the prime factors of 3214337195.
5, 642867439
What are the prime factors of 406766179?
67, 6071137
List the prime factors of 3387196475.
5, 13, 10422143
List the prime factors of 3242787170.
2, 5, 7, 41, 23059
List the prime factors of 5343030939.
3, 23, 77435231
List the prime factors of 90245288.
2, 7, 19, 89, 953
List the prime factors of 2105614584.
2, 3, 29244647
List the prime factors of 450576011.
71, 6346141
What are the prime factors of 121326600?
2, 3, 5, 433, 467
List the prime factors of 266048817.
3, 53, 131, 241
List the prime factors of 2607218068.
2, 7, 13, 73, 107, 131
What are the prime factors of 596109471?
3, 17, 29, 403049
List the prime factors of 6211368676.
2, 17, 61, 587, 2551
List the prime factors of 415724293.
415724293
List the prime factors of 222835810.
2, 5, 281, 79301
List the prime factors of 505454996.
2, 126363749
List the prime factors of 15252403.
31, 492013
What are the prime factors of 1031618331?
3, 114624259
List the prime factors of 650677375.
5, 37, 269, 523
List the prime factors of 536004275.
5, 41, 103, 5077
List the prime factors of 2076186059.
509, 4078951
What are the prime factors of 275659593?
3, 11, 503, 16607
What are the prime factors of 1881326318?
2, 17, 55333127
What are the prime factors of 55621573?
7, 523, 15193
What are the prime factors of 129469030?
2, 5, 12946903
List the prime factors of 58416655.
5, 11, 1062121
List the prime factors of 84567999.
3, 79, 239, 1493
What are the prime factors of 74475492?
2, 3, 7, 13, 9743
What are the prime factors of 20210709?
3, 29, 232307
What are the prime factors of 2355392091?
3, 13, 137, 587, 751
List the prime factors of 9563486.
2, 17, 281279
List the prime factors of 819477273.
3, 29, 43, 219053
List the prime factors of 4470201545.
5, 103, 8680003
What are the prime factors of 196045592?
2, 359, 68261
List the prime factors of 200415384.
2, 3, 13, 37, 643
What are the prime factors of 8088864949?
11, 41, 17935399
What are the prime factors of 95144503?
2003, 47501
What are the prime factors of 4100332494?
2, 3, 823, 830363
List the prime factors of 8662645295.
5, 431, 4019789
List the prime factors of 4302848946.
2, 3, 11, 19, 1277, 2687
What are the prime factors of 71753817?
3, 73, 103, 3181
What are the prime factors of 1518397045?
5, 11, 27607219
What are the pr